{"id":276,"date":"2022-12-12T09:52:47","date_gmt":"2022-12-12T12:52:47","guid":{"rendered":"https:\/\/cajondelmaipochile.cl\/observatorio\/?page_id=276"},"modified":"2023-01-26T16:20:24","modified_gmt":"2023-01-26T19:20:24","slug":"inicio","status":"publish","type":"page","link":"https:\/\/cajondelmaipochile.cl\/observatorio\/","title":{"rendered":"Inicio"},"content":{"rendered":"\n<p>El Observatorio Tur\u00edstico del Caj\u00f3n del Maipo tiene como principal objetivo el registro, procesamiento y difusi\u00f3n de informaci\u00f3n b\u00e1sica para respaldar las decisiones de los organismos p\u00fablicos, sector privado, municipalidad y otros actores. Los datos se han obtenido de distintas fuentes oficiales y mediante el levantamiento de encuestas. <\/p>\n\n\n\n<p>Este trabajo, ejecutado durante el segundo semestre del a\u00f1o 2022, responde a uno de los principales desaf\u00edos reconocidos en la Hoja de Ruta del Turismo de Monta\u00f1a en la Regi\u00f3n Metropolitana. Ha sido desarrollado por el Programa M\u00e1s Turismo Sostenible de la Escuela de Ingenier\u00eda en Gesti\u00f3n de Expediciones y Ecoturismo de la Universidad San Sebasti\u00e1n, en el marco de un proyecto colaborativo ejecutado con la C\u00e1mara de Turismo de San Jos\u00e9 de Maipo.<\/p>\n\n\n\n<p><\/p>\n","protected":false},"excerpt":{"rendered":"<p>El Observatorio Tur\u00edstico del Caj\u00f3n del Maipo tiene como principal objetivo el registro, procesamiento y difusi\u00f3n de informaci\u00f3n b\u00e1sica para respaldar las decisiones de los organismos p\u00fablicos, sector privado, municipalidad y otros actores. Los datos se han obtenido de distintas fuentes oficiales y mediante el levantamiento de encuestas. Este trabajo, ejecutado durante el segundo semestre [&hellip;]<\/p>\n","protected":false},"author":1,"featured_media":0,"parent":0,"menu_order":0,"comment_status":"closed","ping_status":"closed","template":"","meta":{"inline_featured_image":false,"footnotes":""},"class_list":["post-276","page","type-page","status-publish","hentry"],"acf":[],"_links":{"self":[{"href":"https:\/\/cajondelmaipochile.cl\/observatorio\/wp-json\/wp\/v2\/pages\/276","targetHints":{"allow":["GET"]}}],"collection":[{"href":"https:\/\/cajondelmaipochile.cl\/observatorio\/wp-json\/wp\/v2\/pages"}],"about":[{"href":"https:\/\/cajondelmaipochile.cl\/observatorio\/wp-json\/wp\/v2\/types\/page"}],"author":[{"embeddable":true,"href":"https:\/\/cajondelmaipochile.cl\/observatorio\/wp-json\/wp\/v2\/users\/1"}],"replies":[{"embeddable":true,"href":"https:\/\/cajondelmaipochile.cl\/observatorio\/wp-json\/wp\/v2\/comments?post=276"}],"version-history":[{"count":11,"href":"https:\/\/cajondelmaipochile.cl\/observatorio\/wp-json\/wp\/v2\/pages\/276\/revisions"}],"predecessor-version":[{"id":1700,"href":"https:\/\/cajondelmaipochile.cl\/observatorio\/wp-json\/wp\/v2\/pages\/276\/revisions\/1700"}],"wp:attachment":[{"href":"https:\/\/cajondelmaipochile.cl\/observatorio\/wp-json\/wp\/v2\/media?parent=276"}],"curies":[{"name":"wp","href":"https:\/\/api.w.org\/{rel}","templated":true}]}}