{"id":385,"date":"2022-12-14T19:53:22","date_gmt":"2022-12-14T22:53:22","guid":{"rendered":"https:\/\/cajondelmaipochile.cl\/observatorio\/?page_id=385"},"modified":"2022-12-15T09:47:45","modified_gmt":"2022-12-15T12:47:45","slug":"visor-estadistico","status":"publish","type":"page","link":"https:\/\/cajondelmaipochile.cl\/observatorio\/visor-estadistico\/","title":{"rendered":"Visor Estad\u00edstico"},"content":{"rendered":"\n<p>Este Visor Estad\u00edstico registra un conjunto de indicadores de sustentabilidad tur\u00edstica que han sido seleccionados a partir de la informaci\u00f3n disponible en distintos servicios p\u00fablicos, as\u00ed como de la respuesta obtenida a las encuestas realizadas en el Caj\u00f3n del Maipo entre los meses de agosto y noviembre del a\u00f1o 2022.<\/p>\n\n\n\n<p> <\/p>\n","protected":false},"excerpt":{"rendered":"<p>Este Visor Estad\u00edstico registra un conjunto de indicadores de sustentabilidad tur\u00edstica que han sido seleccionados a partir de la informaci\u00f3n disponible en distintos servicios p\u00fablicos, as\u00ed como de la respuesta obtenida a las encuestas realizadas en el Caj\u00f3n del Maipo entre los meses de agosto y noviembre del a\u00f1o 2022.<\/p>\n","protected":false},"author":1,"featured_media":0,"parent":0,"menu_order":0,"comment_status":"closed","ping_status":"closed","template":"","meta":{"inline_featured_image":false,"footnotes":""},"class_list":["post-385","page","type-page","status-publish","hentry"],"acf":[],"_links":{"self":[{"href":"https:\/\/cajondelmaipochile.cl\/observatorio\/wp-json\/wp\/v2\/pages\/385","targetHints":{"allow":["GET"]}}],"collection":[{"href":"https:\/\/cajondelmaipochile.cl\/observatorio\/wp-json\/wp\/v2\/pages"}],"about":[{"href":"https:\/\/cajondelmaipochile.cl\/observatorio\/wp-json\/wp\/v2\/types\/page"}],"author":[{"embeddable":true,"href":"https:\/\/cajondelmaipochile.cl\/observatorio\/wp-json\/wp\/v2\/users\/1"}],"replies":[{"embeddable":true,"href":"https:\/\/cajondelmaipochile.cl\/observatorio\/wp-json\/wp\/v2\/comments?post=385"}],"version-history":[{"count":4,"href":"https:\/\/cajondelmaipochile.cl\/observatorio\/wp-json\/wp\/v2\/pages\/385\/revisions"}],"predecessor-version":[{"id":428,"href":"https:\/\/cajondelmaipochile.cl\/observatorio\/wp-json\/wp\/v2\/pages\/385\/revisions\/428"}],"wp:attachment":[{"href":"https:\/\/cajondelmaipochile.cl\/observatorio\/wp-json\/wp\/v2\/media?parent=385"}],"curies":[{"name":"wp","href":"https:\/\/api.w.org\/{rel}","templated":true}]}}