{"id":575,"date":"2022-12-20T07:37:08","date_gmt":"2022-12-20T10:37:08","guid":{"rendered":"https:\/\/cajondelmaipochile.cl\/observatorio\/?page_id=575"},"modified":"2023-01-04T17:29:38","modified_gmt":"2023-01-04T20:29:38","slug":"geoportal","status":"publish","type":"page","link":"https:\/\/cajondelmaipochile.cl\/observatorio\/geoportal\/","title":{"rendered":"Geoportal"},"content":{"rendered":"\n<p><\/p>\n\n\n\n<p>El Geoportal provee informaci\u00f3n elaborada por el equipo del proyecto o por distintos organismos del Estado, la que se ha sistematizado para complementar el Observatorio Tur\u00edstico del Caj\u00f3n del Maipo. Incluye antecedentes sobre variables territoriales de todo el pa\u00eds y de la Comuna de San Jos\u00e9 de Maipo. Las coberturas de informaci\u00f3n se han desarrollado en ARCGIS.<\/p>\n","protected":false},"excerpt":{"rendered":"<p>El Geoportal provee informaci\u00f3n elaborada por el equipo del proyecto o por distintos organismos del Estado, la que se ha sistematizado para complementar el Observatorio Tur\u00edstico del Caj\u00f3n del Maipo. Incluye antecedentes sobre variables territoriales de todo el pa\u00eds y de la Comuna de San Jos\u00e9 de Maipo. Las coberturas de informaci\u00f3n se han desarrollado [&hellip;]<\/p>\n","protected":false},"author":1,"featured_media":0,"parent":0,"menu_order":0,"comment_status":"closed","ping_status":"closed","template":"","meta":{"inline_featured_image":false,"footnotes":""},"class_list":["post-575","page","type-page","status-publish","hentry"],"acf":[],"_links":{"self":[{"href":"https:\/\/cajondelmaipochile.cl\/observatorio\/wp-json\/wp\/v2\/pages\/575","targetHints":{"allow":["GET"]}}],"collection":[{"href":"https:\/\/cajondelmaipochile.cl\/observatorio\/wp-json\/wp\/v2\/pages"}],"about":[{"href":"https:\/\/cajondelmaipochile.cl\/observatorio\/wp-json\/wp\/v2\/types\/page"}],"author":[{"embeddable":true,"href":"https:\/\/cajondelmaipochile.cl\/observatorio\/wp-json\/wp\/v2\/users\/1"}],"replies":[{"embeddable":true,"href":"https:\/\/cajondelmaipochile.cl\/observatorio\/wp-json\/wp\/v2\/comments?post=575"}],"version-history":[{"count":7,"href":"https:\/\/cajondelmaipochile.cl\/observatorio\/wp-json\/wp\/v2\/pages\/575\/revisions"}],"predecessor-version":[{"id":1718,"href":"https:\/\/cajondelmaipochile.cl\/observatorio\/wp-json\/wp\/v2\/pages\/575\/revisions\/1718"}],"wp:attachment":[{"href":"https:\/\/cajondelmaipochile.cl\/observatorio\/wp-json\/wp\/v2\/media?parent=575"}],"curies":[{"name":"wp","href":"https:\/\/api.w.org\/{rel}","templated":true}]}}